{"id":2037,"date":"2024-06-13T14:26:39","date_gmt":"2024-06-13T14:26:39","guid":{"rendered":"https:\/\/design-s.ch\/?page_id=2037"},"modified":"2026-08-27T07:30:13","modified_gmt":"2026-08-27T07:30:13","slug":"kreatives","status":"publish","type":"page","link":"https:\/\/design-s.ch\/index.php\/kreatives\/","title":{"rendered":"KREATIVES"},"content":{"rendered":"<p>[vc_row full_width=&#8220;stretch_row_content_no_spaces&#8220; css_animation=&#8220;none&#8220;][vc_column][pm_vc_image_carousel images=&#8220;633,2038,2114,2131,2039&#8243; img_width=&#8220;700&#8243; img_height=&#8220;700&#8243; on_screen=&#8220;5&#8243; lightbox=&#8220;true&#8220; items_padding=&#8220;10px&#8220; autoplay_speed=&#8220;1000&#8243; custom_css=&#8220;.vc_custom_1787815797521{background-position: center !important;background-repeat: no-repeat !important;background-size: contain !important;}&#8220;][\/vc_column][\/vc_row][vc_row css_animation=&#8220;bottom-to-top&#8220; css=&#8220;.vc_custom_1498411436508{margin-top: 39px !important;padding-bottom: 20px !important;}&#8220; el_class=&#8220;resp_about01&#8243;][vc_column][vc_column_text]<\/p>\n<p style=\"text-align: center; color: #000;\"><strong>Kreatives<\/strong><br \/>\nAls Ausgleich zu meiner grafischen T\u00e4tigkeit, die meist am Computer stattfindet, liebe ich es, mit meinen H\u00e4nden zu arbeiten. Sei es das Gestalten mit Ton, das Giessen von Kunstharz oder einfach das Versch\u00f6nern einer alten Gartenlaube. Hier ein paar Beispiele meiner anderen kreativen Momente.[\/vc_column_text][\/vc_column][\/vc_row]<\/p>\n","protected":false},"excerpt":{"rendered":"<p>[vc_row full_width=&#8220;stretch_row_content_no_spaces&#8220; css_animation=&#8220;none&#8220;][vc_column][pm_vc_image_carousel images=&#8220;633,2038,2114,2131,2039&#8243; img_width=&#8220;700&#8243; img_height=&#8220;700&#8243; on_screen=&#8220;5&#8243; lightbox=&#8220;true&#8220; items_padding=&#8220;10px&#8220; autoplay_speed=&#8220;1000&#8243; custom_css=&#8220;.vc_custom_1787815797521{background-position: center !important;background-repeat: no-repeat !important;background-size: contain !important;}&#8220;][\/vc_column][\/vc_row][vc_row css_animation=&#8220;bottom-to-top&#8220; css=&#8220;.vc_custom_1498411436508{margin-top: 39px !important;padding-bottom: 20px !important;}&#8220; el_class=&#8220;resp_about01&#8243;][vc_column][vc_column_text] Kreatives Als Ausgleich zu meiner grafischen T\u00e4tigkeit, die meist am Computer stattfindet, liebe ich es, mit meinen H\u00e4nden zu arbeiten. Sei es das Gestalten mit Ton, das Giessen von Kunstharz oder [&hellip;]<\/p>\n","protected":false},"author":1,"featured_media":0,"parent":0,"menu_order":0,"comment_status":"closed","ping_status":"closed","template":"","meta":{"_monsterinsights_skip_tracking":false,"footnotes":""},"class_list":["post-2037","page","type-page","status-publish","hentry"],"yoast_head":"<!-- This site is optimized with the Yoast SEO plugin v28.3 - https:\/\/yoast.com\/product\/yoast-seo-wordpress\/ -->\n<title>KREATIVES - design-s<\/title>\n<meta name=\"robots\" content=\"index, follow, max-snippet:-1, max-image-preview:large, max-video-preview:-1\" \/>\n<link rel=\"canonical\" href=\"https:\/\/design-s.ch\/index.php\/kreatives\/\" \/>\n<meta property=\"og:locale\" content=\"de_DE\" \/>\n<meta property=\"og:type\" content=\"article\" \/>\n<meta property=\"og:title\" content=\"KREATIVES - design-s\" \/>\n<meta property=\"og:description\" content=\"[vc_row full_width=&#8220;stretch_row_content_no_spaces&#8220; css_animation=&#8220;none&#8220;][vc_column][pm_vc_image_carousel images=&#8220;633,2038,2114,2131,2039&#8243; img_width=&#8220;700&#8243; img_height=&#8220;700&#8243; on_screen=&#8220;5&#8243; lightbox=&#8220;true&#8220; items_padding=&#8220;10px&#8220; autoplay_speed=&#8220;1000&#8243; custom_css=&#8220;.vc_custom_1787815797521{background-position: center !important;background-repeat: no-repeat !important;background-size: contain !important;}&#8220;][\/vc_column][\/vc_row][vc_row css_animation=&#8220;bottom-to-top&#8220; css=&#8220;.vc_custom_1498411436508{margin-top: 39px !important;padding-bottom: 20px !important;}&#8220; el_class=&#8220;resp_about01&#8243;][vc_column][vc_column_text] Kreatives Als Ausgleich zu meiner grafischen T\u00e4tigkeit, die meist am Computer stattfindet, liebe ich es, mit meinen H\u00e4nden zu arbeiten. Sei es das Gestalten mit Ton, das Giessen von Kunstharz oder [&hellip;]\" \/>\n<meta property=\"og:url\" content=\"https:\/\/design-s.ch\/index.php\/kreatives\/\" \/>\n<meta property=\"og:site_name\" content=\"design-s\" \/>\n<meta property=\"article:publisher\" content=\"https:\/\/www.facebook.com\/seraina1designs\/\" \/>\n<meta property=\"article:modified_time\" content=\"2026-08-27T07:30:13+00:00\" \/>\n<meta property=\"og:image\" content=\"https:\/\/design-s.ch\/wp-content\/uploads\/2020\/12\/Bildschirmfoto-2020-12-04-um-10.13.15-1500x1028.png\" \/>\n\t<meta property=\"og:image:width\" content=\"1500\" \/>\n\t<meta property=\"og:image:height\" content=\"1028\" \/>\n\t<meta property=\"og:image:type\" content=\"image\/png\" \/>\n<meta name=\"twitter:card\" content=\"summary_large_image\" \/>\n<meta name=\"twitter:label1\" content=\"Gesch\u00e4tzte Lesezeit\" \/>\n\t<meta name=\"twitter:data1\" content=\"2\u00a0Minuten\" \/>\n<script type=\"application\/ld+json\" class=\"yoast-schema-graph\">{\"@context\":\"https:\\\/\\\/schema.org\",\"@graph\":[{\"@type\":\"WebPage\",\"@id\":\"https:\\\/\\\/design-s.ch\\\/index.php\\\/kreatives\\\/\",\"url\":\"https:\\\/\\\/design-s.ch\\\/index.php\\\/kreatives\\\/\",\"name\":\"KREATIVES - design-s\",\"isPartOf\":{\"@id\":\"https:\\\/\\\/design-s.ch\\\/#website\"},\"datePublished\":\"2024-06-13T14:26:39+00:00\",\"dateModified\":\"2026-08-27T07:30:13+00:00\",\"breadcrumb\":{\"@id\":\"https:\\\/\\\/design-s.ch\\\/index.php\\\/kreatives\\\/#breadcrumb\"},\"inLanguage\":\"de\",\"potentialAction\":[{\"@type\":\"ReadAction\",\"target\":[\"https:\\\/\\\/design-s.ch\\\/index.php\\\/kreatives\\\/\"]}]},{\"@type\":\"BreadcrumbList\",\"@id\":\"https:\\\/\\\/design-s.ch\\\/index.php\\\/kreatives\\\/#breadcrumb\",\"itemListElement\":[{\"@type\":\"ListItem\",\"position\":1,\"name\":\"Home\",\"item\":\"https:\\\/\\\/design-s.ch\\\/\"},{\"@type\":\"ListItem\",\"position\":2,\"name\":\"KREATIVES\"}]},{\"@type\":\"WebSite\",\"@id\":\"https:\\\/\\\/design-s.ch\\\/#website\",\"url\":\"https:\\\/\\\/design-s.ch\\\/\",\"name\":\"design-s\",\"description\":\"Grafik, Fotografie &amp; Kreatives\",\"publisher\":{\"@id\":\"https:\\\/\\\/design-s.ch\\\/#organization\"},\"potentialAction\":[{\"@type\":\"SearchAction\",\"target\":{\"@type\":\"EntryPoint\",\"urlTemplate\":\"https:\\\/\\\/design-s.ch\\\/?s={search_term_string}\"},\"query-input\":{\"@type\":\"PropertyValueSpecification\",\"valueRequired\":true,\"valueName\":\"search_term_string\"}}],\"inLanguage\":\"de\"},{\"@type\":\"Organization\",\"@id\":\"https:\\\/\\\/design-s.ch\\\/#organization\",\"name\":\"design-s\",\"url\":\"https:\\\/\\\/design-s.ch\\\/\",\"logo\":{\"@type\":\"ImageObject\",\"inLanguage\":\"de\",\"@id\":\"https:\\\/\\\/design-s.ch\\\/#\\\/schema\\\/logo\\\/image\\\/\",\"url\":\"https:\\\/\\\/design-s.ch\\\/wp-content\\\/uploads\\\/2020\\\/12\\\/Logo_neu_2020_quadrat.png\",\"contentUrl\":\"https:\\\/\\\/design-s.ch\\\/wp-content\\\/uploads\\\/2020\\\/12\\\/Logo_neu_2020_quadrat.png\",\"width\":330,\"height\":330,\"caption\":\"design-s\"},\"image\":{\"@id\":\"https:\\\/\\\/design-s.ch\\\/#\\\/schema\\\/logo\\\/image\\\/\"},\"sameAs\":[\"https:\\\/\\\/www.facebook.com\\\/seraina1designs\\\/\",\"https:\\\/\\\/www.instagram.com\\\/design_by_seraina\\\/\"]}]}<\/script>\n<!-- \/ Yoast SEO plugin. -->","yoast_head_json":{"title":"KREATIVES - design-s","robots":{"index":"index","follow":"follow","max-snippet":"max-snippet:-1","max-image-preview":"max-image-preview:large","max-video-preview":"max-video-preview:-1"},"canonical":"https:\/\/design-s.ch\/index.php\/kreatives\/","og_locale":"de_DE","og_type":"article","og_title":"KREATIVES - design-s","og_description":"[vc_row full_width=&#8220;stretch_row_content_no_spaces&#8220; css_animation=&#8220;none&#8220;][vc_column][pm_vc_image_carousel images=&#8220;633,2038,2114,2131,2039&#8243; img_width=&#8220;700&#8243; img_height=&#8220;700&#8243; on_screen=&#8220;5&#8243; lightbox=&#8220;true&#8220; items_padding=&#8220;10px&#8220; autoplay_speed=&#8220;1000&#8243; custom_css=&#8220;.vc_custom_1787815797521{background-position: center !important;background-repeat: no-repeat !important;background-size: contain !important;}&#8220;][\/vc_column][\/vc_row][vc_row css_animation=&#8220;bottom-to-top&#8220; css=&#8220;.vc_custom_1498411436508{margin-top: 39px !important;padding-bottom: 20px !important;}&#8220; el_class=&#8220;resp_about01&#8243;][vc_column][vc_column_text] Kreatives Als Ausgleich zu meiner grafischen T\u00e4tigkeit, die meist am Computer stattfindet, liebe ich es, mit meinen H\u00e4nden zu arbeiten. Sei es das Gestalten mit Ton, das Giessen von Kunstharz oder [&hellip;]","og_url":"https:\/\/design-s.ch\/index.php\/kreatives\/","og_site_name":"design-s","article_publisher":"https:\/\/www.facebook.com\/seraina1designs\/","article_modified_time":"2026-08-27T07:30:13+00:00","og_image":[{"width":1500,"height":1028,"url":"https:\/\/design-s.ch\/wp-content\/uploads\/2020\/12\/Bildschirmfoto-2020-12-04-um-10.13.15-1500x1028.png","type":"image\/png"}],"twitter_card":"summary_large_image","twitter_misc":{"Gesch\u00e4tzte Lesezeit":"2\u00a0Minuten"},"schema":{"@context":"https:\/\/schema.org","@graph":[{"@type":"WebPage","@id":"https:\/\/design-s.ch\/index.php\/kreatives\/","url":"https:\/\/design-s.ch\/index.php\/kreatives\/","name":"KREATIVES - design-s","isPartOf":{"@id":"https:\/\/design-s.ch\/#website"},"datePublished":"2024-06-13T14:26:39+00:00","dateModified":"2026-08-27T07:30:13+00:00","breadcrumb":{"@id":"https:\/\/design-s.ch\/index.php\/kreatives\/#breadcrumb"},"inLanguage":"de","potentialAction":[{"@type":"ReadAction","target":["https:\/\/design-s.ch\/index.php\/kreatives\/"]}]},{"@type":"BreadcrumbList","@id":"https:\/\/design-s.ch\/index.php\/kreatives\/#breadcrumb","itemListElement":[{"@type":"ListItem","position":1,"name":"Home","item":"https:\/\/design-s.ch\/"},{"@type":"ListItem","position":2,"name":"KREATIVES"}]},{"@type":"WebSite","@id":"https:\/\/design-s.ch\/#website","url":"https:\/\/design-s.ch\/","name":"design-s","description":"Grafik, Fotografie &amp; Kreatives","publisher":{"@id":"https:\/\/design-s.ch\/#organization"},"potentialAction":[{"@type":"SearchAction","target":{"@type":"EntryPoint","urlTemplate":"https:\/\/design-s.ch\/?s={search_term_string}"},"query-input":{"@type":"PropertyValueSpecification","valueRequired":true,"valueName":"search_term_string"}}],"inLanguage":"de"},{"@type":"Organization","@id":"https:\/\/design-s.ch\/#organization","name":"design-s","url":"https:\/\/design-s.ch\/","logo":{"@type":"ImageObject","inLanguage":"de","@id":"https:\/\/design-s.ch\/#\/schema\/logo\/image\/","url":"https:\/\/design-s.ch\/wp-content\/uploads\/2020\/12\/Logo_neu_2020_quadrat.png","contentUrl":"https:\/\/design-s.ch\/wp-content\/uploads\/2020\/12\/Logo_neu_2020_quadrat.png","width":330,"height":330,"caption":"design-s"},"image":{"@id":"https:\/\/design-s.ch\/#\/schema\/logo\/image\/"},"sameAs":["https:\/\/www.facebook.com\/seraina1designs\/","https:\/\/www.instagram.com\/design_by_seraina\/"]}]}},"jetpack_sharing_enabled":true,"_links":{"self":[{"href":"https:\/\/design-s.ch\/index.php\/wp-json\/wp\/v2\/pages\/2037","targetHints":{"allow":["GET"]}}],"collection":[{"href":"https:\/\/design-s.ch\/index.php\/wp-json\/wp\/v2\/pages"}],"about":[{"href":"https:\/\/design-s.ch\/index.php\/wp-json\/wp\/v2\/types\/page"}],"author":[{"embeddable":true,"href":"https:\/\/design-s.ch\/index.php\/wp-json\/wp\/v2\/users\/1"}],"replies":[{"embeddable":true,"href":"https:\/\/design-s.ch\/index.php\/wp-json\/wp\/v2\/comments?post=2037"}],"version-history":[{"count":7,"href":"https:\/\/design-s.ch\/index.php\/wp-json\/wp\/v2\/pages\/2037\/revisions"}],"predecessor-version":[{"id":2132,"href":"https:\/\/design-s.ch\/index.php\/wp-json\/wp\/v2\/pages\/2037\/revisions\/2132"}],"wp:attachment":[{"href":"https:\/\/design-s.ch\/index.php\/wp-json\/wp\/v2\/media?parent=2037"}],"curies":[{"name":"wp","href":"https:\/\/api.w.org\/{rel}","templated":true}]}}

<p>[vc_row full_width=&#8220;stretch_row_content_no_spaces&#8220; css_animation=&#8220;none&#8220;][vc_column][pm_vc_image_carousel images=&#8220;633,2038,2114,2131,2039&#8243; img_width=&#8220;700&#8243; img_height=&#8220;700&#8243; on_screen=&#8220;5&#8243; lightbox=&#8220;true&#8220; items_padding=&#8220;10px&#8220; autoplay_speed=&#8220;1000&#8243; custom_css=&#8220;.vc_custom_1787815797521{background-position: center !important;background-repeat: no-repeat !important;background-size: contain !important;}&#8220;][/vc_column][/vc_row][vc_row css_animation=&#8220;bottom-to-top&#8220; css=&#8220;.vc_custom_1498411436508{margin-top: 39px !important;padding-bottom: 20px !important;}&#8220; el_class=&#8220;resp_about01&#8243;][vc_column][vc_column_text]</p>
<p style="text-align: center; color: #000;"><strong>Kreatives</strong><br />
Als Ausgleich zu meiner grafischen Tätigkeit, die meist am Computer stattfindet, liebe ich es, mit meinen Händen zu arbeiten. Sei es das Gestalten mit Ton, das Giessen von Kunstharz oder einfach das Verschönern einer alten Gartenlaube. Hier ein paar Beispiele meiner anderen kreativen Momente.[/vc_column_text][/vc_column][/vc_row]</p>

<p>[vc_row full_width=&#8220;stretch_row_content_no_spaces&#8220; css_animation=&#8220;none&#8220;][vc_column][pm_vc_image_carousel images=&#8220;633,2038,2114,2131,2039&#8243; img_width=&#8220;700&#8243; img_height=&#8220;700&#8243; on_screen=&#8220;5&#8243; lightbox=&#8220;true&#8220; items_padding=&#8220;10px&#8220; autoplay_speed=&#8220;1000&#8243; custom_css=&#8220;.vc_custom_1787815797521{background-position: center !important;background-repeat: no-repeat !important;background-size: contain !important;}&#8220;][/vc_column][/vc_row][vc_row css_animation=&#8220;bottom-to-top&#8220; css=&#8220;.vc_custom_1498411436508{margin-top: 39px !important;padding-bottom: 20px !important;}&#8220; el_class=&#8220;resp_about01&#8243;][vc_column][vc_column_text] Kreatives Als Ausgleich zu meiner grafischen Tätigkeit, die meist am Computer stattfindet, liebe ich es, mit meinen Händen zu arbeiten. Sei es das Gestalten mit Ton, das Giessen von Kunstharz oder [&hellip;]</p>

<!-- This site is optimized with the Yoast SEO plugin v28.3 - https://yoast.com/product/yoast-seo-wordpress/ -->
<title>KREATIVES - design-s</title>
<meta name="robots" content="index, follow, max-snippet:-1, max-image-preview:large, max-video-preview:-1" />
<link rel="canonical" href="https://design-s.ch/index.php/kreatives/" />
<meta property="og:locale" content="de_DE" />
<meta property="og:type" content="article" />
<meta property="og:title" content="KREATIVES - design-s" />
<meta property="og:description" content="[vc_row full_width=&#8220;stretch_row_content_no_spaces&#8220; css_animation=&#8220;none&#8220;][vc_column][pm_vc_image_carousel images=&#8220;633,2038,2114,2131,2039&#8243; img_width=&#8220;700&#8243; img_height=&#8220;700&#8243; on_screen=&#8220;5&#8243; lightbox=&#8220;true&#8220; items_padding=&#8220;10px&#8220; autoplay_speed=&#8220;1000&#8243; custom_css=&#8220;.vc_custom_1787815797521{background-position: center !important;background-repeat: no-repeat !important;background-size: contain !important;}&#8220;][/vc_column][/vc_row][vc_row css_animation=&#8220;bottom-to-top&#8220; css=&#8220;.vc_custom_1498411436508{margin-top: 39px !important;padding-bottom: 20px !important;}&#8220; el_class=&#8220;resp_about01&#8243;][vc_column][vc_column_text] Kreatives Als Ausgleich zu meiner grafischen Tätigkeit, die meist am Computer stattfindet, liebe ich es, mit meinen Händen zu arbeiten. Sei es das Gestalten mit Ton, das Giessen von Kunstharz oder [&hellip;]" />
<meta property="og:url" content="https://design-s.ch/index.php/kreatives/" />
<meta property="og:site_name" content="design-s" />
<meta property="article:publisher" content="https://www.facebook.com/seraina1designs/" />
<meta property="article:modified_time" content="2026-08-27T07:30:13+00:00" />
<meta property="og:image" content="https://design-s.ch/wp-content/uploads/2020/12/Bildschirmfoto-2020-12-04-um-10.13.15-1500x1028.png" />
	<meta property="og:image:width" content="1500" />
	<meta property="og:image:height" content="1028" />
	<meta property="og:image:type" content="image/png" />
<meta name="twitter:card" content="summary_large_image" />
<meta name="twitter:label1" content="Geschätzte Lesezeit" />
	<meta name="twitter:data1" content="2 Minuten" />
<script type="application/ld+json" class="yoast-schema-graph">{"@context":"https:\/\/schema.org","@graph":[{"@type":"WebPage","@id":"https:\/\/design-s.ch\/index.php\/kreatives\/","url":"https:\/\/design-s.ch\/index.php\/kreatives\/","name":"KREATIVES - design-s","isPartOf":{"@id":"https:\/\/design-s.ch\/#website"},"datePublished":"2024-06-13T14:26:39+00:00","dateModified":"2026-08-27T07:30:13+00:00","breadcrumb":{"@id":"https:\/\/design-s.ch\/index.php\/kreatives\/#breadcrumb"},"inLanguage":"de","potentialAction":[{"@type":"ReadAction","target":["https:\/\/design-s.ch\/index.php\/kreatives\/"]}]},{"@type":"BreadcrumbList","@id":"https:\/\/design-s.ch\/index.php\/kreatives\/#breadcrumb","itemListElement":[{"@type":"ListItem","position":1,"name":"Home","item":"https:\/\/design-s.ch\/"},{"@type":"ListItem","position":2,"name":"KREATIVES"}]},{"@type":"WebSite","@id":"https:\/\/design-s.ch\/#website","url":"https:\/\/design-s.ch\/","name":"design-s","description":"Grafik, Fotografie &amp; Kreatives","publisher":{"@id":"https:\/\/design-s.ch\/#organization"},"potentialAction":[{"@type":"SearchAction","target":{"@type":"EntryPoint","urlTemplate":"https:\/\/design-s.ch\/?s={search_term_string}"},"query-input":{"@type":"PropertyValueSpecification","valueRequired":true,"valueName":"search_term_string"}}],"inLanguage":"de"},{"@type":"Organization","@id":"https:\/\/design-s.ch\/#organization","name":"design-s","url":"https:\/\/design-s.ch\/","logo":{"@type":"ImageObject","inLanguage":"de","@id":"https:\/\/design-s.ch\/#\/schema\/logo\/image\/","url":"https:\/\/design-s.ch\/wp-content\/uploads\/2020\/12\/Logo_neu_2020_quadrat.png","contentUrl":"https:\/\/design-s.ch\/wp-content\/uploads\/2020\/12\/Logo_neu_2020_quadrat.png","width":330,"height":330,"caption":"design-s"},"image":{"@id":"https:\/\/design-s.ch\/#\/schema\/logo\/image\/"},"sameAs":["https:\/\/www.facebook.com\/seraina1designs\/","https:\/\/www.instagram.com\/design_by_seraina\/"]}]}</script>
<!-- / Yoast SEO plugin. -->

[vc_row full_width=&#8220;stretch_row_content_no_spaces&#8220; css_animation=&#8220;none&#8220;][vc_column][pm_vc_image_carousel images=&#8220;633,2038,2114,2131,2039&#8243; img_width=&#8220;700&#8243; img_height=&#8220;700&#8243; on_screen=&#8220;5&#8243; lightbox=&#8220;true&#8220; items_padding=&#8220;10px&#8220; autoplay_speed=&#8220;1000&#8243; custom_css=&#8220;.vc_custom_1787815797521{background-position: center !important;background-repeat: no-repeat !important;background-size: contain !important;}&#8220;][/vc_column][/vc_row][vc_row css_animation=&#8220;bottom-to-top&#8220; css=&#8220;.vc_custom_1498411436508{margin-top: 39px !important;padding-bottom: 20px !important;}&#8220; el_class=&#8220;resp_about01&#8243;][vc_column][vc_column_text] Kreatives Als Ausgleich zu meiner grafischen Tätigkeit, die meist am Computer stattfindet, liebe ich es, mit meinen Händen zu arbeiten. Sei es das Gestalten mit Ton, das Giessen von Kunstharz oder [&hellip;]
